+ w. What is the tens digit of n?
0
Suppose -10*q + 186 = -7*q. Let f = 82 - q. Suppose 17*x + 45 = f*x. What is the units digit of x?
5
What is the hundreds digit of 13570*(5/(-25))/((-4)/10)?
7
Let y(a) = -3*a**2 - 203*a - 206. What is the units digit of y(-53)?
6
Let x be 0 + (6 - -1) - 3. Suppose x*z + 20*z - 14592 = 0. What is the units digit of z?
8
Let s = 84 - 80. Suppose 5*h = -s*z + 898, -3*h = -h + 2*z - 358. What is the tens digit of h?
8
What is the ten thousands digit of (-684076)/(-28) - (-3)/(-2)*(-8)/(-42)?
2
Suppose 5*j - 3*v + 7*v = 34, -5*j + 25 = -5*v. Suppose j*r - 1705 = r. What is the hundreds digit of r?
3
Let c(a) = -3*a**2 + 23*a - 16. Let l be ((-11 + -1)/1)/(1 + -3). What is the units digit of c(l)?
4
Let a be (-3)/(-1)*(-4)/6*-139. Suppose -284*q + a*q = -1698. What is the tens digit of q?
8
Suppose 0 = t + d - 374, 0*d = 5*d + 20. Suppose 49*b = 52*b - t. What is the tens digit of 2634/b + 4/42?
2
Let y = -166 + 200. Let n(m) = -m**2 + 38*m - 59. What is the tens digit of n(y)?
7
Let x(f) = f**3 - 45*f**2 + 59*f - 160. What is the units digit of x(47)?
1
Suppose 23*p - 71293 = 4469. Suppose -14*v = 4*v - p. What is the hundreds digit of v?
1
Suppose -445620 = 321*k - 351*k. What is the hundreds digit of k?
8
Let d be (5 - 2 - 1)*2. Suppose -d*m = -24*m + 26920. What is the tens digit of m?
4
Suppose 3*s = 5*l + 144, -4*s - 177 + 19 = 5*l. What is the units digit of 1/((5 - 4)*(-3)/l)?
0
Let j be -1*(-60)/15 + 43*55. Suppose -3*o + 1016 = 2*l, -3*l - 845 + j = 4*o. What is the hundreds digit of l?
5
Suppose -2*c - 4*v + 1015 = -9*v, 2*c = -v + 1021. Let n = 96 + c. Suppose 0 = -t + 7*t - n. What is the units digit of t?
1
Suppose 16 = -10*t + 46. Suppose -t*l - 604 + 2269 = 0. What is the tens digit of l?
5
Let a(g) = 2*g**2 - 231*g + 16600. What is the hundreds digit of a(0)?
6
Let x = -9312 - -21205. What is the ten thousands digit of x?
1
Let j = 434 - 1762. Let g = -893 - j. What is the hundreds digit of g?
4
Let r be 38/4 - (-17)/34. Suppose -460 - 2930 = -r*w. Suppose -28*b + w = -25*b. What is the hundreds digit of b?
1
Let x(k) = 21*k**2 - 34*k + 17. Let l be x(-7). Suppose 2451 + 701 = 5*y + 2*p, 0 = -2*y + 5*p + l. What is the tens digit of y?
3
Suppose 3*v - 37 = v + h, 5*v = -5*h + 115. Suppose -v*l + 2948 = -2092. What is the units digit of l?
2
Let o(u) = u**3 + 11*u**2 - 14*u - 17. Let c be o(-12). Suppose 58 - 3894 = -c*f. Suppose -2*r - 2 = 0, -7*j = -3*j - 4*r - f. What is the tens digit of j?
3
Let c be 5/(-2)*4/(-5). Suppose 205*h - 378 = 199*h. Suppose c*b = -j + h, -b + 17 + 27 = 3*j. What is the tens digit of b?
2
Suppose -28790 = -5*a - 2*j - 2*j, -3*j = -4*a + 23032. What is the thousands digit of a?
5
Let f be 78/351 - (-4768)/9. Let n = 1167 - f. What is the units digit of n?
7
Let g(w) = 4483*w**2 - 41*w + 35. What is the tens digit of g(-3)?
0
Let i be (-4 - 95/(-25)) + (-22)/(-10). Suppose -w = -5*w + i*x + 1454, 2*w = 2*x + 726. What is the units digit of w?
4
Suppose 21987 = 2*q + 3*n, -265*q = -262*q + n - 32970. What is the units digit of q?
9
What is the tens digit of 11 - 7 - -4 - -229*1?
3
Let k(r) = -5*r + 5. Let s be k(2). Let o(g) = g + 10. Let d be o(s). Suppose 0 = d*i - 4*p - 325, 0 = -2*p - 3*p. What is the units digit of i?
5
Let b(d) = 75*d**2 - 81*d + 63. What is the thousands digit of b(-15)?
8
Let b(j) be the second derivative of j**5/20 + 5*j**4/12 - 41*j**3/6 - 5*j**2 - 26*j + 6. What is the units digit of b(8)?
4
Suppose 0 = w - z + 5, -w - 5*z = -0*z + 17. Let o be (-14)/4*16/w. Suppose v + 42 = o*v. What is the units digit of v?
6
Let s(d) = -d**2 - 6*d + 14. Let h be s(-8). Let z be h/(-4) + ((-1178)/4 - 2). Let l = z - -438. What is the units digit of l?
2
Let p = 12967 - -4186. What is the hundreds digit of p?
1
Suppose 333 + 4027 = 5*u. Suppose 0 = 3*f + 4*j - u, -j - 4*j = 20. What is the units digit of f?
6
Let n(u) be the third derivative of -u**6/40 - u**5/60 + u**4/8 + u**3/2 + 2*u**2 + 38. What is the units digit of n(-3)?
6
Let o(c) = 78*c**2 + 22*c + 43. What is the hundreds digit of o(-16)?
6
What is the thousands digit of (-56)/5 - (-438)/365 - -24338?
4
Suppose 5*j + 6 = 4*x, 1 = 5*j - 2*x - 1. Suppose -q + 7 = j. Suppose -q*t + 400 = 6*v - v, -392 = -5*t - 3*v. What is the units digit of t?
6
Let f(x) = x**3 + 3*x**2 - 9*x - 18. Let v be f(8). Suppose -5*n + 1066 = -v. Suppose n = 2*d + 82. What is the tens digit of d?
2
Suppose -3*o + 2*z = o + 10, -z - 16 = 5*o. Let k be -2 - (o - (4 + -4)). What is the units digit of (-1644)/(-72) + k/6?
3
Suppose 37*g + 226387 + 178985 = 0. Let k be (-2)/(2/1) - 29. What is the tens digit of g/(-180) - 4/k?
6
What is the tens digit of (-16)/(-152) - (-1003604)/133?
4
Suppose -12 = 21*z - 24*z. Suppose 0 = 5*p - z*b - 822, -4*b = 4*p - 6*p + 336. What is the units digit of p?
2
Let n(w) = -124*w**3 - 100*w**2 + 22*w + 3. What is the units digit of n(-7)?
1
Let s be 2 + -7 + 1 + 56. Suppose -4*g - s = -60. What is the units digit of ((-36)/(-8))/(g/76)?
1
Let v = -2409 - -5617. Suppose v - 912 = 4*q. What is the units digit of q?
4
Let l = -956 - -950. Let r(q) be the third derivative of -q**6/120 - q**5/12 - q**3/6 + 4*q**2. What is the units digit of r(l)?
5
Let i(d) be the first derivative of -d**4/24 + 7*d**3/3 - 21*d**2/2 + 22. Let l(k) be the second derivative of i(k). What is the units digit of l(-10)?
4
Suppose 23*k + 56404 - 193691 = 0. What is the thousands digit of k?
5
Suppose -a - a = 3*o - 468, -3*a + 5*o = -702. Let f = 551 - a. What is the tens digit of f?
1
What is the thousands digit of (-2976)/(-15)*3500/56?
2
Let i(c) = 2*c - 33. Let j be i(16). Let a be -5 - (1741 - (j + 5)). What is the units digit of (-3 - a/10) + 3/(-15)?
1
Let m be 473*(4 + -6 + 3). Let w = m + -257. Suppose 3*f = 4*s + 74 + 115, -3*f + w = 5*s. What is the tens digit of f?
6
Suppose -v = v - 4, 5*j = 5*v - 10. Suppose -31*p + 1848 + 18829 = j. What is the tens digit of p?
6
Let r be (-10)/6 + 6/9 - -6. Suppose 0 = r*m + 4*u - 170, 125 = -13*m + 18*m - 5*u. What is the tens digit of m?
3
Let f = -2222 - -3537. Suppose -6*z + x = -8*z + f, -5*z - x = -3283. What is the hundreds digit of z?
6
Let t(r) be the third derivative of -9/4*r**4 + 0*r + 13*r**2 + 1/2*r**3 + 0. What is the units digit of t(-2)?
1
Suppose -4*y = 5*q - 34, 4*q + q + y - 31 = 0. Let j(g) = 29*g + 19. What is the units digit of j(q)?
3
What is the hundreds digit of 5446492/583 - (-4)/(-22)?
3
Let w(f) = 11*f - 4*f + f - f**2 - 11*f + 9. Let n be w(-4). Suppose 5*i - 1210 = -n*h, 2*i - 688 - 36 = -3*h. What is the hundreds digit of h?
2
Let j(m) = -m**3 - 3*m**2 - 2*m + 5. Let f be j(-2). Let i be -2*f/(50/(-205)). Suppose 0 = 47*w - i*w - 708. What is the units digit of w?
8
Suppose 0 = 66*x - 2156471 - 1694695. What is the units digit of x?
1
Let t(m) = 11*m**3 - 30*m**2 - 11*m + 10. Let q(x) = 17*x**3 - 45*x**2 - 16*x + 16. Let p(r) = -5*q(r) + 8*t(r). What is the hundreds digit of p(8)?
5
Suppose 0 = -5*o - 20, -7 = -3*q - 4*o - 5. Let s = q - -235. What is the tens digit of s?
4
Let a(j) = 2*j**2 - 12*j - 86. Let p be a(-23). Suppose 9*r + 4*k - 6176 = 4*r, -r - 4*k + p = 0. What is the tens digit of r?
3
Suppose -4*y = -7 - 89. Suppose 7*x - 3*x = -y. What is the tens digit of 94 - (-8)/x*(-24)/(-16)?
9
Let p(m) be the third derivative of 0*m - 1/60*m**5 + 12*m**2 + 1/2*m**3 - 19/24*m**4 + 0. What is the units digit of p(-10)?
3
Suppose -19*f = -15*f - 10612. What is the thousands digit of f?
2
Let k(y) = y**2 - 7*y + 5. Let z be k(1). Let b be -144*((-69)/12 + z)*1. Suppose 5*d - b = 4*g, 3*g = -5*d + 522 + 464. What is the hundreds digit of d?
1
Let h(w) = -6*w**3 - 3*w**2 + 14*w - 10. Let a be h(5). Let f = -560 - a. What is the tens digit of f?
0
Let b be 10 - (-19)/(19/(-10)). Suppose -232 = -4*g - 4*y, -3*g = -y - 31 - 127. Suppose b = 3*l - 6, -i = -3*l - g + 12. What is the units digit of i?
8
Suppose q - 12060 = 5*g, 3*g - 48332 = -3*q - q. What is the hundreds digit of q?
0
Let h(u) = 83*u**2 - 13*u - 523. What is the units digit of h(-19)?
7
What is the hundreds digit of (11/((-33)/1648) + 9)*-39?
0
Let u(h) = 2036*h - 5522. What is the ten thousands digit of u(18)?
3
Let p = 6199 + 9982. What is the hundreds digit of p?
1
Let o(